{"id":6,"date":"2026-03-31T10:36:54","date_gmt":"2026-03-31T10:36:54","guid":{"rendered":"http:\/\/cografyasinifi.com\/?page_id=6"},"modified":"2026-04-17T01:18:32","modified_gmt":"2026-04-16T22:18:32","slug":"9-siniflar","status":"publish","type":"page","link":"https:\/\/cografyasinifi.com\/?page_id=6","title":{"rendered":"9. S\u0131n\u0131flar"},"content":{"rendered":"\n<p>Ders planlar\u0131 \u00fcnite sekmelerinin i\u00e7erisindedir.<\/p>\n","protected":false},"excerpt":{"rendered":"<p>Ders planlar\u0131 \u00fcnite sekmelerinin i\u00e7erisindedir.<\/p>\n","protected":false},"author":1,"featured_media":0,"parent":0,"menu_order":0,"comment_status":"closed","ping_status":"closed","template":"","meta":{"footnotes":""},"class_list":["post-6","page","type-page","status-publish","hentry"],"_links":{"self":[{"href":"https:\/\/cografyasinifi.com\/index.php?rest_route=\/wp\/v2\/pages\/6","targetHints":{"allow":["GET"]}}],"collection":[{"href":"https:\/\/cografyasinifi.com\/index.php?rest_route=\/wp\/v2\/pages"}],"about":[{"href":"https:\/\/cografyasinifi.com\/index.php?rest_route=\/wp\/v2\/types\/page"}],"author":[{"embeddable":true,"href":"https:\/\/cografyasinifi.com\/index.php?rest_route=\/wp\/v2\/users\/1"}],"replies":[{"embeddable":true,"href":"https:\/\/cografyasinifi.com\/index.php?rest_route=%2Fwp%2Fv2%2Fcomments&post=6"}],"version-history":[{"count":2,"href":"https:\/\/cografyasinifi.com\/index.php?rest_route=\/wp\/v2\/pages\/6\/revisions"}],"predecessor-version":[{"id":220,"href":"https:\/\/cografyasinifi.com\/index.php?rest_route=\/wp\/v2\/pages\/6\/revisions\/220"}],"wp:attachment":[{"href":"https:\/\/cografyasinifi.com\/index.php?rest_route=%2Fwp%2Fv2%2Fmedia&parent=6"}],"curies":[{"name":"wp","href":"https:\/\/api.w.org\/{rel}","templated":true}]}}